lculate the remainder when 28858581 is divided by 244.
213
What is the remainder when 5175591 is divided by 92?
39
What is the remainder when 260869642 is divided by 7927?
7926
What is the remainder when 2198408 is divided by 263?
254
Calculate the remainder when 6197867 is divided by 370.
367
Calculate the remainder when 1470978 is divided by 9897.
6222
Calculate the remainder when 30339190 is divided by 10113062.
4
What is the remainder when 1933855 is divided by 1933644?
211
What is the remainder when 9501671 is divided by 259?
256
What is the remainder when 1068088 is divided by 1271?
448
Calculate the remainder when 3230524 is divided by 646086.
94
What is the remainder when 80104 is divided by 1501?
551
What is the remainder when 95368 is divided by 31562?
682
Calculate the remainder when 7698258 is divided by 61.
58
What is the remainder when 32876313 is divided by 2405?
2368
Calculate the remainder when 18344 is divided by 1875.
1469
What is the remainder when 1050719 is divided by 7725?
119
What is the remainder when 40527514 is divided by 1625?
14
What is the remainder when 16211 is divided by 7529?
1153
Calculate the remainder when 13671834 is divided by 905.
904
What is the remainder when 100307 is divided by 596?
179
Calculate the remainder when 217103 is divided by 3566.
3143
What is the remainder when 15177752 is divided by 875?
2
What is the remainder when 43436 is divided by 42940?
496
Calculate the remainder when 1531973 is divided by 218848.
37
Calculate the remainder when 704591 is divided by 7117.
8
Calculate the remainder when 4688340 is divided by 275782.
46
Calculate the remainder when 23274378 is divided by 14.
8
What is the remainder when 6413 is divided by 1336?
1069
Calculate the remainder when 34720 is divided by 1186.
326
What is the remainder when 2050410 is divided by 48?
42
Calculate the remainder when 35950 is divided by 285.
40
Calculate the remainder when 428818 is divided by 13830.
88
Calculate the remainder when 93987074 is divided by 64774.
0
Calculate the remainder when 10850735 is divided by 1133.
1127
What is the remainder when 212066 is divided by 8581?
6122
Calculate the remainder when 2159928 is divided by 3612.
3564
What is the remainder when 29529465 is divided by 88?
9
Calculate the remainder when 136518419 is divided by 1140.
1139
What is the remainder when 5450007 is divided by 18?
3
Calculate the remainder when 18356 is divided by 6114.
14
Calculate the remainder when 101497 is divided by 3716.
1165
Calculate the remainder when 179598 is divided by 86789.
6020
What is the remainder when 291451 is divided by 2026?
1733
Calculate the remainder when 1025499 is divided by 20928.
27
What is the remainder when 49139 is divided by 664?
3
Calculate the remainder when 2518906 is divided by 281.
22
What is the remainder when 1141326 is divided by 1416?
30
What is the remainder when 808834 is divided by 2235?
1999
Calculate the remainder when 25645824 is divided by 604.
588
What is the remainder when 1301881 is divided by 1301758?
123
Calculate the remainder when 1184182 is divided by 296025.
82
Calculate the remainder when 285743 is divided by 504.
479
What is the remainder when 199498 is divided by 1138?
348
Calculate the remainder when 9944968 is divided by 6.
4
What is the remainder when 14021251 is divided by 4454?
59
Calculate the remainder when 112413 is divided by 2161.
41
Calculate the remainder when 4434414 is divided by 100.
14
What is the remainder when 14889 is divided by 4177?
2358
Calculate the remainder when 586576 is divided by 14663.
56
Calculate the remainder when 22625624 is divided by 57.
44
Calculate the remainder when 228934 is divided by 1187.
1030
Calculate the remainder when 324831 is divided by 361.
292
What is the remainder when 100250683 is divided by 100250671?
12
Calculate the remainder when 98971 is divided by 16355.
841
Calculate the remainder when 5238762 is divided by 1309689.
6
Calculate the remainder when 21631285 is divided by 49.
39
Calculate the remainder when 405249 is divided by 161.
12
What is the remainder when 30090 is divided by 753?
723
What is the remainder when 169725501 is divided by 875?
1
Calculate the remainder when 198483 is divided by 2176.
467
Calculate the remainder when 2643142 is divided by 2643135.
7
What is the remainder when 86831044 is divided by 66?
58
What is the remainder when 219313 is divided by 31052?
1949
What is the remainder when 33937289 is divided by 30?
29
Calculate the remainder when 239457 is divided by 27.
21
Calculate the remainder when 900920 is divided by 52995.
5
What is the remainder when 418194 is divided by 255?
249
Calculate the remainder when 8844854 is divided by 1089.
1085
What is the remainder when 16106120 is divided by 45?
35
Calculate the remainder when 7847691 is divided by 102.
15
Calculate the remainder when 337568 is divided by 83765.
2508
What is the remainder when 11913 is divided by 11451?
462
Calculate the remainder when 16060 is divided by 483.
121
What is the remainder when 6712644 is divided by 4376?
4236
Calculate the remainder when 32570 is divided by 707.
48
What is the remainder when 1527708 is divided by 226?
174
What is the remainder when 2545633 is divided by 1272800?
33
Calculate the remainder when 1238216 is divided by 1935.
1751
What is the remainder when 1098674 is divided by 156946?
52
What is the remainder when 1040763 is divided by 14?
3
Calculate the remainder when 19943955 is divided by 123.
120
Calculate the remainder when 2489265 is divided by 497777.
380
Calculate the remainder when 7213869 is divided by 424344.
21
Calculate the remainder when 9931561 is divided by 261.
250
What is the remainder when 474007 is divided by 156890?
3337
Calculate the remainder when 130674 is divided by 174.
0
Calculate the remainder when 3266976 is divided by 9665.
206
What is the remainder when 1940392 is divided by 691?
64
What is the remainder when 3629714 is divided by 390?
374
Calculate the remainder when 5749528 is divided by 821361.
1
Calculate the remainder when 77869 is divided by 14645.
4644
What is the remainder when 28346 is divided by 1887?
41
Calculate the remainder when 43984233 is divided by 389241.
0
Calculate the remainder when 73194609 is divided by 10.
9
What is the remainder when 124100 is divided by 7202?
1666
Calculate the remainder when 1730671 is divided by 216332.
15
What is the remainder when 17138347 is divided by 94?
79
Calculate the remainder when 1314281 is divided by 2148.
1853
Calculate the remainder when 468340 is divided by 10761.
5617
What is the remainder when 1075938 is divided by 3687?
3021
What is the remainder when 174748 is divided by 1822?
1658
Calculate the remainder when 540926 is divided by 28469.
15
What is the remainder when 15022637 is divided by 898?
893
Calculate the remainder when 9977752 is divided by 2127.
2122
Calculate the remainder when 53992991 is divided by 16.
15
Calculate the remainder when 355338 is divided by 2928.
1050
Calculate the remainder when 36467508 is divided by 12987.
12
What is the remainder when 39992682 is divided by 5713237?
23
What is the remainder when 25977089 is divided by 2306?
2305
What is the remainder when 865491 is divided by 6633?
3201
What is the remainder when 65314 is divided by 3558?
1270
What is the remainder when 762944212 is divided by 20?
12
What is the remainder when 85243 is divided by 5298?
475
What is the remainder when 419017 is divided by 174?
25
What is the remainder when 2401139 is divided by 800378?
5
Calculate the remainder when 44642 is divided by 445.
142
Calculate the remainder when 5664556 is divided by 88.
84
What is the remainder when 2199968 is divided by 4365?
8
What is the remainder when 1184047 is divided by 2673?
2581
What is the remainder when 117225228 is divided by 29306307?
0
What is the remainder when 97840559 is divided by 80?
79
Calculate the remainder when 2596372 is divided by 92723.
128
What is the remainder when 16972 is divided by 11?
10
Calculate the remainder when 1272312 is divided by 1345.
1287
What is the remainder when 1610313 is divided by 131?
61
What is the remainder when 18254677 is divided by 79368?
37
What is the remainder when 9705140 is divided by 27?
17
What